10 is divided by 26?
6
What is the remainder when 130 is divided by 36?
22
What is the remainder when 318 is divided by 27?
21
Calculate the remainder when 488 is divided by 30.
8
Calculate the remainder when 16122 is divided by 75.
72
What is the remainder when 452 is divided by 35?
32
Calculate the remainder when 385 is divided by 114.
43
What is the remainder when 550 is divided by 29?
28
Calculate the remainder when 913 is divided by 46.
39
Calculate the remainder when 482 is divided by 27.
23
Calculate the remainder when 583 is divided by 15.
13
What is the remainder when 132 is divided by 25?
7
Calculate the remainder when 748 is divided by 151.
144
Calculate the remainder when 96 is divided by 34.
28
Calculate the remainder when 334 is divided by 168.
166
Calculate the remainder when 747 is divided by 22.
21
Calculate the remainder when 2040 is divided by 73.
69
Calculate the remainder when 56 is divided by 16.
8
What is the remainder when 251 is divided by 23?
21
What is the remainder when 549 is divided by 8?
5
What is the remainder when 191 is divided by 57?
20
What is the remainder when 251 is divided by 168?
83
What is the remainder when 2561 is divided by 1273?
15
What is the remainder when 1845 is divided by 42?
39
What is the remainder when 10921 is divided by 1560?
1
What is the remainder when 1308 is divided by 634?
40
Calculate the remainder when 2054 is divided by 1025.
4
Calculate the remainder when 233 is divided by 116.
1
What is the remainder when 19764 is divided by 295?
294
Calculate the remainder when 8966 is divided by 57.
17
Calculate the remainder when 4005 is divided by 20.
5
What is the remainder when 763 is divided by 106?
21
Calculate the remainder when 2149 is divided by 144.
133
What is the remainder when 1127 is divided by 8?
7
Calculate the remainder when 1899 is divided by 6.
3
What is the remainder when 2014 is divided by 224?
222
Calculate the remainder when 3000 is divided by 992.
24
What is the remainder when 20518 is divided by 152?
150
Calculate the remainder when 1000 is divided by 77.
76
What is the remainder when 424 is divided by 113?
85
Calculate the remainder when 214 is divided by 18.
16
What is the remainder when 57 is divided by 29?
28
What is the remainder when 33 is divided by 29?
4
Calculate the remainder when 1129 is divided by 27.
22
Calculate the remainder when 1581 is divided by 175.
6
What is the remainder when 736 is divided by 333?
70
What is the remainder when 270 is divided by 49?
25
Calculate the remainder when 1112 is divided by 18.
14
Calculate the remainder when 3986 is divided by 73.
44
What is the remainder when 333 is divided by 24?
21
What is the remainder when 52 is divided by 8?
4
What is the remainder when 581 is divided by 30?
11
Calculate the remainder when 1217 is divided by 193.
59
What is the remainder when 361 is divided by 92?
85
Calculate the remainder when 1614 is divided by 22.
8
What is the remainder when 803 is divided by 6?
5
What is the remainder when 520 is divided by 218?
84
Calculate the remainder when 235 is divided by 62.
49
Calculate the remainder when 226 is divided by 12.
10
What is the remainder when 197 is divided by 40?
37
What is the remainder when 1288 is divided by 109?
89
What is the remainder when 1197 is divided by 70?
7
What is the remainder when 337 is divided by 140?
57
What is the remainder when 947 is divided by 95?
92
What is the remainder when 8759 is divided by 73?
72
Calculate the remainder when 1324 is divided by 83.
79
Calculate the remainder when 2492 is divided by 39.
35
Calculate the remainder when 145 is divided by 75.
70
Calculate the remainder when 70 is divided by 4.
2
Calculate the remainder when 220 is divided by 92.
36
What is the remainder when 37 is divided by 34?
3
What is the remainder when 1078 is divided by 11?
0
What is the remainder when 494 is divided by 50?
44
Calculate the remainder when 24 is divided by 16.
8
What is the remainder when 63 is divided by 22?
19
What is the remainder when 75 is divided by 30?
15
What is the remainder when 1407 is divided by 83?
79
What is the remainder when 538 is divided by 9?
7
What is the remainder when 3261 is divided by 17?
14
What is the remainder when 266 is divided by 61?
22
What is the remainder when 46 is divided by 16?
14
Calculate the remainder when 375 is divided by 5.
0
What is the remainder when 473 is divided by 34?
31
What is the remainder when 150 is divided by 43?
21
What is the remainder when 697 is divided by 101?
91
Calculate the remainder when 773 is divided by 18.
17
Calculate the remainder when 312 is divided by 35.
32
Calculate the remainder when 27 is divided by 14.
13
What is the remainder when 279 is divided by 67?
11
What is the remainder when 30 is divided by 11?
8
Calculate the remainder when 334 is divided by 166.
2
What is the remainder when 48 is divided by 7?
6
Calculate the remainder when 109 is divided by 64.
45
What is the remainder when 358 is divided by 144?
70
What is the remainder when 263 is divided by 53?
51
What is the remainder when 2599 is divided by 20?
19
Calculate the remainder when 599 is divided by 164.
107
Calculate the remainder when 212 is divided by 44.
36
What is the remainder when 72 is divided by 33?
6
What is the remainder when 19 is divided by 14?
5
Calculate the remainder when 1564 is divided by 56.
52
Calculate the remainder when 666 is divided by 26.
16
What is the remainder when 187 is divided by 89?
9
What is the remainder when 5668 is divided by 42?
40
What is the remainder when 38 is divided by 27?
11
What is the remainder when 2902 is divided by 44?
42
What is the remainder when 13318 is divided by 173?
170
Calculate the remainder when 396 is divided by 19.
16
What is the remainder when 294 is divided by 5?
4
Calculate the remainder when 68 is divided by 35.
33
What is the remainder when 4533 is divided by 9?
6
What is the remainder when 2618 is divided by 45?
8
Calculate the remainder when 25 is divided by 23.
2
What is the remainder when 89 is divided by 32?
25
What is the remainder when 863 is divided by 16?
15
Calculate the remainder when 1587 is divided by 140.
47
Calculate the remainder when 428 is divided by 36.
32
Calculate the remainder when 245 is divided by 134.
111
What is the remainder when 3471 is divided by 42?
27
What is the remainder when 1060 is divided by 346?
22
Calculate the remainder when 194 is divided by 7.
5
Calculate the remainder when 110 is divided by 31.
17
Calculate the remainder when 3218 is divided by 5.
3
Calculate the remainder when 50 is divided by 25.
0
What is the remainder when 152 is divided by 79?
73
What is the remainder when 294 is divided by 50?
44
What is the remainder when 130 is divided by 57?
16
Calculate the remainder when 166 is divided by 15.
1
What is the remainder when 293 is divided by 59?
57
Calculate the remainder when 517 is divided by 163.
28
What is the remainder when 298 is divided by 72?
10
Calculate the remainder when 193 is divided by 11.
6
What is the remainder when 373 is divided by 112?
37
What is the remainder when 10308 is divided by 13?
12
Calculate the remainder when 89 is divided by 2.
1
What is the remainder when 57 is divided by 31?
26
Calculate the remainder when 388 is divided by 8.
4
Calculate the remainder when 240 is divided by 47.
5
Calculate the remainder when 635 is divided by 167.
134
What is the remainder when 187 is divided by 90?
7
What is the remainder when 651 is divided by 199?
54
What is the remainder when 69 is divided by 15?
9
What is the remainder when 375 is divided by 101?
72
Calculate the remainder when 1438 is divided by 45.
43
Calculate the remainder when 8436 is divided by 2805.
21
What is the remainder when 48 is divided by 18?
12
Calculate the remainder when 610 is divided by 288.
34
What is the remainder when 179 is divided by 18?
17
Calculate the remainder when 97 is divided by 17.
12
What is the remainder when 291 is divided by 54?
21
What is the remainder when 706 is divided by 247?
212
What is the remainder when 452 is divided by 85?
27
Calculate the remainder when 463 is divided by 31.
29
Calculate the remainder when 1265 is divided by 253.
0
What is the remainder when 838 is divided by 48?
22
Calcu